[INFO] cloning repository https://github.com/pacd0/pacd
[INFO] running `Command { std: "git" "-c" "credential.helper=" "-c" "credential.helper=/workspace/cargo-home/bin/git-credential-null" "clone" "--bare" "https://github.com/pacd0/pacd" "/workspace/cache/git-repos/https%3A%2F%2Fgithub.com%2Fpacd0%2Fpacd", kill_on_drop: false }`
[INFO] [stderr] Cloning into bare repository '/workspace/cache/git-repos/https%3A%2F%2Fgithub.com%2Fpacd0%2Fpacd'...
[INFO] running `Command { std: "git" "rev-parse" "HEAD", kill_on_drop: false }`
[INFO] [stdout] 0da1c3d020e39fb19d46bb2592a4e06c4ade2721
[INFO] checking pacd0/pacd against try#72f88fc4e9458f89516a0b8b0868f3718aec5b47 for pr-74989
[INFO] running `Command { std: "git" "clone" "/workspace/cache/git-repos/https%3A%2F%2Fgithub.com%2Fpacd0%2Fpacd" "/workspace/builds/worker-1/source", kill_on_drop: false }`
[INFO] [stderr] Cloning into '/workspace/builds/worker-1/source'...
[INFO] [stderr] done.
[INFO] validating manifest of git repo https://github.com/pacd0/pacd on toolchain 72f88fc4e9458f89516a0b8b0868f3718aec5b47
[INFO] running `Command { std: "/workspace/cargo-home/bin/cargo" "+72f88fc4e9458f89516a0b8b0868f3718aec5b47" "read-manifest" "--manifest-path" "Cargo.toml", kill_on_drop: false }`
[INFO] started tweaking git repo https://github.com/pacd0/pacd
[INFO] finished tweaking git repo https://github.com/pacd0/pacd
[INFO] tweaked toml for git repo https://github.com/pacd0/pacd written to /workspace/builds/worker-1/source/Cargo.toml
[INFO] crate git repo https://github.com/pacd0/pacd already has a lockfile, it will not be regenerated
[INFO] running `Command { std: "/workspace/cargo-home/bin/cargo" "+72f88fc4e9458f89516a0b8b0868f3718aec5b47" "fetch" "--locked" "--manifest-path" "Cargo.toml", kill_on_drop: false }`
[INFO] [stderr]  Downloading crates ...
[INFO] [stderr]   Downloaded async-log-attributes v1.0.1
[INFO] [stderr]   Downloaded http-service-hyper v0.4.1
[INFO] [stderr]   Downloaded http-service v0.4.0
[INFO] [stderr]   Downloaded handlebars v3.0.1
[INFO] [stderr]   Downloaded tide v0.6.0
[INFO] [stderr]   Downloaded async-log v1.1.0
[INFO] [stderr]   Downloaded femme v1.3.0
[INFO] running `Command { std: "docker" "create" "-v" "/var/lib/crater-agent-workspace/builds/worker-1/target:/opt/rustwide/target:rw,Z" "-v" "/var/lib/crater-agent-workspace/builds/worker-1/source:/opt/rustwide/workdir:ro,Z" "-v" "/var/lib/crater-agent-workspace/cargo-home:/opt/rustwide/cargo-home:ro,Z" "-v" "/var/lib/crater-agent-workspace/rustup-home:/opt/rustwide/rustup-home:ro,Z" "-e" "SOURCE_DIR=/opt/rustwide/workdir" "-e" "CARGO_TARGET_DIR=/opt/rustwide/target" "-e" "CARGO_HOME=/opt/rustwide/cargo-home" "-e" "RUSTUP_HOME=/opt/rustwide/rustup-home" "-w" "/opt/rustwide/workdir" "-m" "1610612736" "--user" "0:0" "--network" "none" "rustops/crates-build-env@sha256:d92eaeed33fa75130ca1ee6c8a01d1ffb62bac859dfdfb3450e3e5d1c0146529" "/opt/rustwide/cargo-home/bin/cargo" "+72f88fc4e9458f89516a0b8b0868f3718aec5b47" "metadata" "--no-deps" "--format-version=1", kill_on_drop: false }`
[INFO] [stdout] 737d550a1afc400fabd208d6f0431c22d7fdb4b91d8afe197cf2b603a4d7a773
[INFO] [stderr] WARNING: Your kernel does not support swap limit capabilities or the cgroup is not mounted. Memory limited without swap.
[INFO] running `Command { std: "docker" "start" "-a" "737d550a1afc400fabd208d6f0431c22d7fdb4b91d8afe197cf2b603a4d7a773", kill_on_drop: false }`
[INFO] running `Command { std: "docker" "inspect" "737d550a1afc400fabd208d6f0431c22d7fdb4b91d8afe197cf2b603a4d7a773", kill_on_drop: false }`
[INFO] running `Command { std: "docker" "rm" "-f" "737d550a1afc400fabd208d6f0431c22d7fdb4b91d8afe197cf2b603a4d7a773", kill_on_drop: false }`
[INFO] [stdout] 737d550a1afc400fabd208d6f0431c22d7fdb4b91d8afe197cf2b603a4d7a773
[INFO] running `Command { std: "docker" "create" "-v" "/var/lib/crater-agent-workspace/builds/worker-1/target:/opt/rustwide/target:rw,Z" "-v" "/var/lib/crater-agent-workspace/builds/worker-1/source:/opt/rustwide/workdir:ro,Z" "-v" "/var/lib/crater-agent-workspace/cargo-home:/opt/rustwide/cargo-home:ro,Z" "-v" "/var/lib/crater-agent-workspace/rustup-home:/opt/rustwide/rustup-home:ro,Z" "-e" "SOURCE_DIR=/opt/rustwide/workdir" "-e" "CARGO_TARGET_DIR=/opt/rustwide/target" "-e" "CARGO_INCREMENTAL=0" "-e" "RUST_BACKTRACE=full" "-e" "RUSTFLAGS=--cap-lints=forbid" "-e" "CARGO_HOME=/opt/rustwide/cargo-home" "-e" "RUSTUP_HOME=/opt/rustwide/rustup-home" "-w" "/opt/rustwide/workdir" "-m" "1610612736" "--user" "0:0" "--network" "none" "rustops/crates-build-env@sha256:d92eaeed33fa75130ca1ee6c8a01d1ffb62bac859dfdfb3450e3e5d1c0146529" "/opt/rustwide/cargo-home/bin/cargo" "+72f88fc4e9458f89516a0b8b0868f3718aec5b47" "check" "--frozen" "--all" "--all-targets" "--message-format=json", kill_on_drop: false }`
[INFO] [stdout] 90fb2cb5bb4e03bc4400c1f8bfce6d2540e0744c174a3e2ec46877b1d59f0822
[INFO] [stderr] WARNING: Your kernel does not support swap limit capabilities or the cgroup is not mounted. Memory limited without swap.
[INFO] running `Command { std: "docker" "start" "-a" "90fb2cb5bb4e03bc4400c1f8bfce6d2540e0744c174a3e2ec46877b1d59f0822", kill_on_drop: false }`
[INFO] [stderr]    Compiling libc v0.2.68
[INFO] [stderr]    Compiling autocfg v1.0.0
[INFO] [stderr]     Checking lazy_static v1.4.0
[INFO] [stderr]    Compiling byteorder v1.3.4
[INFO] [stderr]     Checking either v1.5.3
[INFO] [stderr]    Compiling proc-macro2 v1.0.10
[INFO] [stderr]    Compiling maybe-uninit v2.0.0
[INFO] [stderr]    Compiling syn v1.0.17
[INFO] [stderr]     Checking scopeguard v1.1.0
[INFO] [stderr]    Compiling semver-parser v0.7.0
[INFO] [stderr]    Compiling memchr v2.3.3
[INFO] [stderr]     Checking smallvec v1.2.0
[INFO] [stderr]     Checking fnv v1.0.6
[INFO] [stderr]     Checking itoa v0.4.5
[INFO] [stderr]    Compiling cc v1.0.50
[INFO] [stderr]     Checking futures-sink v0.3.4
[INFO] [stderr]     Checking futures-core v0.3.4
[INFO] [stderr]     Checking futures-io v0.3.4
[INFO] [stderr]     Checking pin-utils v0.1.0-alpha.4
[INFO] [stderr]     Checking futures-task v0.3.4
[INFO] [stderr]    Compiling proc-macro2 v0.4.30
[INFO] [stderr]     Checking rustc-demangle v0.1.16
[INFO] [stderr]    Compiling ryu v1.0.3
[INFO] [stderr]    Compiling version_check v0.9.1
[INFO] [stderr]    Compiling syn v0.15.44
[INFO] [stderr]    Compiling httparse v1.3.4
[INFO] [stderr]     Checking matches v0.1.8
[INFO] [stderr]     Checking pin-project-lite v0.1.4
[INFO] [stderr]     Checking futures-timer v2.0.2
[INFO] [stderr]     Checking unicode-width v0.1.7
[INFO] [stderr]     Checking once_cell v1.3.1
[INFO] [stderr]    Compiling bitflags v1.2.1
[INFO] [stderr]     Checking regex-syntax v0.6.17
[INFO] [stderr]     Checking data-encoding v2.2.0
[INFO] [stderr]     Checking ansi_term v0.11.0
[INFO] [stderr]     Checking mime v0.3.16
[INFO] [stderr]     Checking strsim v0.8.0
[INFO] [stderr]     Checking vec_map v0.8.1
[INFO] [stderr]     Checking route-recognizer v0.1.13
[INFO] [stderr]     Checking quick-error v1.2.3
[INFO] [stderr]     Checking lock_api v0.3.3
[INFO] [stderr]     Checking tokio-sync v0.1.8
[INFO] [stderr]     Checking thread_local v1.0.1
[INFO] [stderr]     Checking unicode-normalization v0.1.12
[INFO] [stderr]    Compiling semver v0.9.0
[INFO] [stderr]     Checking futures-channel v0.3.4
[INFO] [stderr]     Checking unicode-bidi v0.3.4
[INFO] [stderr]     Checking textwrap v0.11.0
[INFO] [stderr]     Checking log v0.4.8
[INFO] [stderr]    Compiling crossbeam-utils v0.7.2
[INFO] [stderr]    Compiling memoffset v0.5.4
[INFO] [stderr]    Compiling crossbeam-epoch v0.8.2
[INFO] [stderr]    Compiling indexmap v1.3.2
[INFO] [stderr]    Compiling error-chain v0.12.2
[INFO] [stderr]     Checking smallvec v0.6.13
[INFO] [stderr]    Compiling rustc_version v0.2.3
[INFO] [stderr]     Checking kv-log-macro v1.0.4
[INFO] [stderr]     Checking want v0.2.0
[INFO] [stderr]     Checking aho-corasick v0.7.10
[INFO] [stderr]     Checking serde_json v1.0.50
[INFO] [stderr]    Compiling parking_lot_core v0.6.2
[INFO] [stderr]    Compiling parking_lot v0.9.0
[INFO] [stderr]    Compiling hyper v0.12.35
[INFO] [stderr]    Compiling quote v1.0.3
[INFO] [stderr]    Compiling backtrace-sys v0.1.35
[INFO] [stderr]     Checking idna v0.1.5
[INFO] [stderr]     Checking iovec v0.1.4
[INFO] [stderr]     Checking num_cpus v1.12.0
[INFO] [stderr]     Checking net2 v0.2.33
[INFO] [stderr]     Checking parking_lot_core v0.7.0
[INFO] [stderr]     Checking async-task v1.3.1
[INFO] [stderr]     Checking time v0.1.42
[INFO] [stderr]     Checking atty v0.2.14
[INFO] [stderr]     Checking termios v0.3.1
[INFO] [stderr]     Checking clicolors-control v1.0.1
[INFO] [stderr]     Checking tokio-executor v0.1.10
[INFO] [stderr]     Checking crossbeam-queue v0.2.1
[INFO] [stderr]     Checking crossbeam-channel v0.4.2
[INFO] [stderr]    Compiling quote v0.6.13
[INFO] [stderr]     Checking bytes v0.4.12
[INFO] [stderr]     Checking futures-cpupool v0.1.8
[INFO] [stderr]     Checking clap v2.33.0
[INFO] [stderr]     Checking mio v0.6.21
[INFO] [stderr]     Checking parking_lot v0.10.0
[INFO] [stderr]     Checking tokio-timer v0.2.13
[INFO] [stderr]     Checking tokio-current-thread v0.1.7
[INFO] [stderr]     Checking url v1.7.2
[INFO] [stderr]     Checking crossbeam-deque v0.7.3
[INFO] [stderr]     Checking tokio-io v0.1.13
[INFO] [stderr]     Checking http v0.1.21
[INFO] [stderr]     Checking tokio-buf v0.1.1
[INFO] [stderr]     Checking string v0.2.1
[INFO] [stderr]     Checking tokio-threadpool v0.1.18
[INFO] [stderr]     Checking backtrace v0.3.46
[INFO] [stderr]     Checking mio-uds v0.6.7
[INFO] [stderr]     Checking tokio-reactor v0.1.12
[INFO] [stderr]     Checking cookie v0.12.0
[INFO] [stderr]     Checking regex v1.3.6
[INFO] [stderr]     Checking serde_qs v0.5.2
[INFO] [stderr]     Checking tokio-tcp v0.1.4
[INFO] [stderr]     Checking tokio v0.1.22
[INFO] [stderr]     Checking console v0.7.7
[INFO] [stderr]     Checking h2 v0.1.26
[INFO] [stderr]     Checking http-body v0.1.0
[INFO] [stderr]    Compiling pest_generator v2.1.3
[INFO] [stderr]    Compiling async-log-attributes v1.0.1
[INFO] [stderr]    Compiling futures-macro v0.3.4
[INFO] [stderr]    Compiling async-attributes v1.1.1
[INFO] [stderr]    Compiling serde_derive v1.0.105
[INFO] [stderr]    Compiling pest_derive v2.1.0
[INFO] [stderr]     Checking async-log v1.1.0
[INFO] [stderr]     Checking handlebars v3.0.1
[INFO] [stderr]     Checking futures-util v0.3.4
[INFO] [stderr]     Checking futures-executor v0.3.4
[INFO] [stderr]     Checking broadcaster v1.0.0
[INFO] [stderr]     Checking async-std v1.5.0
[INFO] [stderr]     Checking futures v0.3.4
[INFO] [stderr]     Checking femme v1.3.0
[INFO] [stderr]     Checking http-service v0.4.0
[INFO] [stderr]     Checking http-service-hyper v0.4.1
[INFO] [stderr]     Checking tide v0.6.0
[INFO] [stderr]     Checking pacd v0.1.0 (/opt/rustwide/workdir)
[INFO] [stdout] error[E0432]: unresolved import `tide::middleware::CRequest`
[INFO] [stdout]   --> src/main.rs:10:12
[INFO] [stdout]    |
[INFO] [stdout] 10 | use tide::{middleware::CRequest, middleware::RequestLogger, Response, Server};
[INFO] [stdout]    |            ^^^^^^^^^^^^--------
[INFO] [stdout]    |            |           |
[INFO] [stdout]    |            |           help: a similar name exists in the module: `Request`
[INFO] [stdout]    |            no `CRequest` in `middleware`
[INFO] [stdout] 
[INFO] [stdout] 
[INFO] [stdout] error[E0432]: unresolved import `tide::middleware::CRequest`
[INFO] [stdout]   --> src/main.rs:10:12
[INFO] [stdout]    |
[INFO] [stdout] 10 | use tide::{middleware::CRequest, middleware::RequestLogger, Response, Server};
[INFO] [stdout]    |            ^^^^^^^^^^^^--------
[INFO] [stdout]    |            |           |
[INFO] [stdout]    |            |           help: a similar name exists in the module: `Request`
[INFO] [stdout]    |            no `CRequest` in `middleware`
[INFO] [stdout] 
[INFO] [stdout] 
[INFO] [stdout] error[E0412]: cannot find type `Request` in this scope
[INFO] [stdout]   --> src/main.rs:41:32
[INFO] [stdout]    |
[INFO] [stdout] 41 | async fn handle_proxy_pac(req: Request<State>) -> Response {
[INFO] [stdout]    |                                ^^^^^^^ not found in this scope
[INFO] [stdout]    |
[INFO] [stdout] help: consider importing this struct
[INFO] [stdout]    |
[INFO] [stdout] 1  | use tide::Request;
[INFO] [stdout]    |
[INFO] [stdout] 
[INFO] [stdout] 
[INFO] [stdout] error[E0412]: cannot find type `Request` in this scope
[INFO] [stdout]   --> src/main.rs:41:32
[INFO] [stdout]    |
[INFO] [stdout] 41 | async fn handle_proxy_pac(req: Request<State>) -> Response {
[INFO] [stdout]    |                                ^^^^^^^ not found in this scope
[INFO] [stdout]    |
[INFO] [stdout] help: consider importing this struct
[INFO] [stdout]    |
[INFO] [stdout] 1  | use tide::Request;
[INFO] [stdout]    |
[INFO] [stdout] 
[INFO] [stdout] 
[INFO] [stdout] error: aborting due to 2 previous errors
[INFO] [stdout] 
[INFO] [stdout] 
[INFO] [stdout] Some errors have detailed explanations: E0412, E0432.
[INFO] [stdout] 
[INFO] [stdout] For more information about an error, try `rustc --explain E0412`.
[INFO] [stdout] 
[INFO] [stderr] error: could not compile `pacd`.
[INFO] [stdout] error: aborting due to 2 previous errors
[INFO] [stdout] 
[INFO] [stdout] 
[INFO] [stderr] 
[INFO] [stdout] Some errors have detailed explanations: E0412, E0432.
[INFO] [stdout] 
[INFO] [stderr] To learn more, run the command again with --verbose.
[INFO] [stdout] For more information about an error, try `rustc --explain E0412`.
[INFO] [stdout] 
[INFO] [stderr] warning: build failed, waiting for other jobs to finish...
[INFO] [stderr] error: build failed
[INFO] running `Command { std: "docker" "inspect" "90fb2cb5bb4e03bc4400c1f8bfce6d2540e0744c174a3e2ec46877b1d59f0822", kill_on_drop: false }`
[INFO] running `Command { std: "docker" "rm" "-f" "90fb2cb5bb4e03bc4400c1f8bfce6d2540e0744c174a3e2ec46877b1d59f0822", kill_on_drop: false }`
[INFO] [stdout] 90fb2cb5bb4e03bc4400c1f8bfce6d2540e0744c174a3e2ec46877b1d59f0822
